{"id":471,"date":"2025-10-26T15:55:04","date_gmt":"2025-10-26T20:55:04","guid":{"rendered":"https:\/\/www.akuaima.com\/?page_id=471"},"modified":"2025-10-26T15:55:04","modified_gmt":"2025-10-26T20:55:04","slug":"aviso-de-privacidad","status":"publish","type":"page","link":"https:\/\/www.akuaima.com\/?page_id=471","title":{"rendered":"Aviso de privacidad"},"content":{"rendered":"\n<p>Akuaima, comercialmente conocido como Akuaima, con domicilio en Nimaima (Cundinamarca), es el responsable del uso y protecci\u00f3n de sus datos personales.<\/p>\n\n\n\n<p>FINALIDADES PRIMARIAS<br>Los datos personales que recabamos de usted, los utilizaremos para las siguientes finalidades que son necesarias para el servicio que solicita:<\/p>\n\n\n\n<ul class=\"wp-block-list\">\n<li>Respuesta a mensajes del formulario de contacto<\/li>\n\n\n\n<li>Prestaci\u00f3n de cualquier servicio solicitado<\/li>\n<\/ul>\n\n\n\n<p>DATOS PERSONALES RECABADOS<br>Para las finalidades se\u00f1aladas en el presente aviso de privacidad, podemos recabar sus datos de identificaci\u00f3n y contacto.<\/p>\n\n\n\n<p>DERECHOS ARCO<br>Usted tiene derecho a conocer qu\u00e9 datos personales tenemos de usted, para qu\u00e9 los utilizamos y las condiciones del uso que les damos (Acceso). Asimismo, es su derecho solicitar la correcci\u00f3n de su informaci\u00f3n personal en caso de que est\u00e9 desactualizada, sea inexacta o incompleta (Rectificaci\u00f3n); que la eliminemos de nuestros registros o bases de datos cuando considere que la misma no est\u00e1 siendo utilizada adecuadamente (Cancelaci\u00f3n); as\u00ed como oponerse al uso de sus datos personales para fines espec\u00edficos (Oposici\u00f3n). Estos derechos se conocen como derechos ARCO.<\/p>\n\n\n\n<p>Para el ejercicio de cualquiera de los derechos ARCO, usted deber\u00e1 presentar la solicitud respectiva a trav\u00e9s de Al mismo correo electr\u00f3nico de donde se envi\u00f3 la petici\u00f3n o por medio del n\u00famero de tel\u00e9fono brindado de whatsapp . La respuesta a su solicitud ser\u00e1 atendida en un plazo m\u00e1ximo de 15 d\u00edas h\u00e1biles.<\/p>\n\n\n\n<p>DATOS RECABADOS POR EL SITIO WEB<br>Nuestro sitio web recaba autom\u00e1ticamente los siguientes datos:<\/p>\n\n\n\n<ul class=\"wp-block-list\">\n<li>Identificadores, nombre de usuario y contrase\u00f1as de sesi\u00f3n<\/li>\n<\/ul>\n\n\n\n<p>CONTACTO<br>Para m\u00e1s informaci\u00f3n sobre este aviso de privacidad, puede contactarnos en:<\/p>\n\n\n\n<p>Correo electr\u00f3nico: ip.soluciones@yahoo.com<br>Sitio web: https:\/\/www.akuaima.com\/<\/p>\n\n\n\n<p>\u00daltima actualizaci\u00f3n: 26\/10\/2025<\/p>\n","protected":false},"excerpt":{"rendered":"<p>Akuaima, comercialmente conocido como Akuaima, con domicilio en Nimaima (Cundinamarca), es el responsable del uso y protecci\u00f3n de sus datos personales. FINALIDADES PRIMARIASLos datos personales que recabamos de usted, los utilizaremos para las siguientes finalidades que son necesarias para el servicio que solicita: DATOS PERSONALES RECABADOSPara las finalidades se\u00f1aladas en el presente aviso de privacidad, [&hellip;]<\/p>\n","protected":false},"author":1,"featured_media":0,"parent":0,"menu_order":0,"comment_status":"closed","ping_status":"closed","template":"","meta":{"footnotes":""},"class_list":["post-471","page","type-page","status-publish","hentry"],"blocksy_meta":[],"_links":{"self":[{"href":"https:\/\/www.akuaima.com\/index.php?rest_route=\/wp\/v2\/pages\/471","targetHints":{"allow":["GET"]}}],"collection":[{"href":"https:\/\/www.akuaima.com\/index.php?rest_route=\/wp\/v2\/pages"}],"about":[{"href":"https:\/\/www.akuaima.com\/index.php?rest_route=\/wp\/v2\/types\/page"}],"author":[{"embeddable":true,"href":"https:\/\/www.akuaima.com\/index.php?rest_route=\/wp\/v2\/users\/1"}],"replies":[{"embeddable":true,"href":"https:\/\/www.akuaima.com\/index.php?rest_route=%2Fwp%2Fv2%2Fcomments&post=471"}],"version-history":[{"count":1,"href":"https:\/\/www.akuaima.com\/index.php?rest_route=\/wp\/v2\/pages\/471\/revisions"}],"predecessor-version":[{"id":472,"href":"https:\/\/www.akuaima.com\/index.php?rest_route=\/wp\/v2\/pages\/471\/revisions\/472"}],"wp:attachment":[{"href":"https:\/\/www.akuaima.com\/index.php?rest_route=%2Fwp%2Fv2%2Fmedia&parent=471"}],"curies":[{"name":"wp","href":"https:\/\/api.w.org\/{rel}","templated":true}]}}